reatest common factor of 557852 and 151999.
1567
Calculate the greatest common factor of 22747068 and 324.
324
Calculate the highest common divisor of 45539164 and 44.
44
What is the highest common factor of 903958 and 351186?
374
What is the greatest common factor of 1120286 and 6586?
74
What is the highest common factor of 195 and 233456145?
195
What is the highest common factor of 142489300 and 1076?
1076
Calculate the highest common factor of 61374 and 853618.
106
What is the greatest common divisor of 1170 and 12741820?
130
Calculate the highest common factor of 10931 and 71060.
17
Calculate the highest common divisor of 83057084 and 4136.
2068
Calculate the highest common divisor of 187272 and 287550.
162
Calculate the greatest common factor of 588597 and 666066.
93
What is the greatest common factor of 7503841 and 133?
19
Calculate the highest common divisor of 1985 and 188926345.
1985
What is the highest common divisor of 1056 and 352605?
33
Calculate the highest common factor of 7093066 and 654.
218
What is the greatest common divisor of 281376 and 132?
12
What is the highest common divisor of 20900 and 138314?
22
What is the highest common divisor of 33511 and 7924995?
713
What is the greatest common divisor of 534 and 63013246?
178
Calculate the highest common divisor of 37682 and 494633.
227
What is the greatest common divisor of 93 and 36485233?
31
What is the greatest common divisor of 113 and 15399075?
113
What is the highest common divisor of 47000 and 237397?
47
Calculate the greatest common factor of 25584140 and 71.
71
Calculate the highest common divisor of 54861512 and 2584.
152
What is the highest common factor of 121900 and 106?
106
Calculate the greatest common divisor of 38 and 10135569.
19
Calculate the greatest common factor of 5027060 and 260.
20
Calculate the greatest common factor of 1479842 and 7238.
658
Calculate the greatest common divisor of 82 and 29279781.
41
What is the greatest common factor of 46606660 and 25852?
1124
What is the greatest common divisor of 27925 and 69600?
25
Calculate the highest common factor of 6050675 and 1777575.
4325
Calculate the greatest common factor of 111279205 and 5.
5
What is the highest common factor of 34 and 1817912?
34
Calculate the greatest common divisor of 15728286 and 210.
42
Calculate the highest common factor of 1284798 and 96.
6
Calculate the highest common factor of 17768962 and 16132.
218
What is the greatest common divisor of 917988 and 3578940?
4044
Calculate the greatest common factor of 61418247 and 1639.
1639
What is the greatest common factor of 459 and 113439453?
51
Calculate the greatest common divisor of 527 and 3493619.
17
What is the highest common divisor of 115 and 1251689555?
115
What is the highest common factor of 19992 and 64227632?
6664
What is the highest common divisor of 117712 and 17737727?
7357
Calculate the greatest common factor of 32 and 20271088.
16
Calculate the highest common factor of 241466 and 145696.
314
Calculate the greatest common factor of 1587485 and 10.
5
What is the highest common divisor of 2452 and 50118880?
2452
Calculate the greatest common divisor of 408 and 2713512.
24
What is the highest common divisor of 92612 and 17692?
4
What is the highest common divisor of 82818575 and 140?
35
What is the highest common divisor of 417914843 and 183?
61
Calculate the highest common divisor of 6980 and 23830418.
698
What is the highest common divisor of 791 and 1234334934?
791
Calculate the highest common factor of 88935 and 755580.
735
Calculate the greatest common divisor of 150755 and 265485.
55
What is the greatest common factor of 106052204 and 436?
436
What is the greatest common divisor of 245 and 819055?
5
Calculate the greatest common factor of 5564 and 1274263.
107
What is the greatest common factor of 38360 and 706739845?
4795
What is the highest common divisor of 486 and 150095052?
54
What is the greatest common divisor of 2673535 and 20?
5
Calculate the greatest common factor of 37 and 4024558080.
37
Calculate the greatest common factor of 320 and 110123584.
64
Calculate the highest common divisor of 1311037 and 1169.
7
Calculate the highest common factor of 4338600 and 760200.
4200
Calculate the greatest common factor of 7116 and 25788.
12
Calculate the highest common divisor of 167040 and 30816.
288
Calculate the greatest common factor of 1125576 and 370008.
648
Calculate the highest common divisor of 523 and 59055068.
523
What is the greatest common divisor of 804099 and 57?
57
What is the highest common divisor of 23488 and 26432?
64
What is the greatest common factor of 43625625 and 3180?
795
Calculate the greatest common factor of 175 and 30883580.
35
Calculate the greatest common divisor of 33462 and 3447769.
169
Calculate the greatest common factor of 2 and 21711266.
2
Calculate the greatest common divisor of 1394850240 and 1890.
1890
What is the highest common factor of 15707410 and 14600?
730
What is the highest common factor of 72142466 and 1657?
1657
Calculate the highest common factor of 11480 and 31710.
70
What is the highest common divisor of 1018001 and 1749767?
2489
What is the greatest common factor of 10 and 525667970?
10
Calculate the highest common factor of 554697 and 8151.
429
What is the greatest common factor of 2602432 and 16502?
74
What is the greatest common divisor of 493176 and 2520?
24
What is the highest common factor of 1178681 and 105?
7
What is the greatest common divisor of 1583606122 and 11018?
11018
Calculate the greatest common divisor of 15289362 and 3663.
3663
What is the greatest common divisor of 535 and 204253370?
535
Calculate the highest common factor of 8 and 75067.
1
What is the highest common divisor of 556 and 20808022?
278
What is the greatest common divisor of 25868 and 409044217?
6467
What is the highest common factor of 8091 and 202043957?
899
Calculate the highest common factor of 464694 and 150798.
246
What is the greatest common factor of 9 and 73320228?
9
Calculate the highest common divisor of 55113252 and 72.
12
What is the greatest common divisor of 918 and 11849238?
306
What is the highest common divisor of 436756 and 26?
2
Calculate the greatest common factor of 384229220 and 10840.
5420
Calculate the greatest common factor of 7782 and 9618.
6
What is the greatest common divisor of 959192 and 19240?
104
What is the greatest common divisor of 4903766 and 11501?
217
Calculate the greatest common factor of 21141379 and 49.
7
Calculate the greatest common divisor of 650284 and 1066019.
1241
What is the highest common divisor of 240034992 and 4592?
656
Calculate the highest common divisor of 2907360 and 24480.
1440
Calculate the highest common factor of 100837 and 99704.
1133
Calculate the highest common divisor of 5962215 and 315.
105
What is the greatest common divisor of 499187 and 247?
247
What is the greatest common divisor of 18 and 23547177?
9
What is the greatest common factor of 1460350250 and 250?
250
What is the greatest common factor of 524299 and 1068?
89
What is the greatest common factor of 3326 and 30595874?
3326
Calculate the greatest common factor of 24824437 and 1309.
187
Calculate the greatest common factor of 148674 and 18595418.
698
Calculate the highest common divisor of 42 and 67701081.
21
What is the greatest common divisor of 43546 and 2398?
2
Calculate the greatest common factor of 172 and 8198251.
43
What is the highest common factor of 364722380 and 80?
20
Calculate the highest common factor of 4181150 and 187.
17
Calculate the greatest common divisor of 1050 and 9448110.
210
Calculate the greatest common divisor of 1361597 and 95.
19
What is the highest common divisor of 20411167 and 49707?
1841
What is the highest common factor of 4360 and 33406865?
545
What is the highest common factor of 2736 and 754861944?
456
Calculate the greatest common divisor of 186115 and 45805.
5
What is the greatest common factor of 5012306 and 3380?
26
Calculate the greatest common divisor of 114787130 and 10.
10
What is the highest common divisor of 2267023 and 1463?
209
What is the highest common factor of 3009418250 and 500?
250
What is the highest common factor of 18264328 and 2723?
389
What is the greatest common divisor of 756 and 7690572?
1